uppose -m = -h + k, k + 0*k - 5 = -h. What are the prime factors of h?
2, 5
What are the prime factors of 4/2*1/((-12)/(-1038))?
173
List the prime factors of (-2)/(-9) - 40/18 - -170.
2, 3, 7
Suppose 0 = 5*x + 32 - 132. Suppose x = 4*m - 12. Suppose 2*j - m = 8. What are the prime factors of j?
2
Let s = 180 + -127. What are the prime factors of s?
53
Suppose 1125 = 3*f + 102. What are the prime factors of f?
11, 31
Suppose 5*h + u = 16 + 13, 5 = 5*h - 5*u. Suppose 2*n = h*v + 8, 5*v - 8 = -2*n + v. List the prime factors of n.
2
Let v be 302/3 + 4/(-6). Suppose 0 = -7*i + 2*i + v. Suppose -3*x + 5*o + 21 = -9, 2*o + i = 2*x. List the prime factors of x.
2, 5
Let m = -560 + 871. List the prime factors of m.
311
Let q(x) = -23*x**2 - x + 1. Let s = 2 + -1. Let j be q(s). Let m = 34 + j. What are the prime factors of m?
11
Suppose -9 = -3*o + 69. What are the prime factors of o?
2, 13
Suppose -4 = -5*i + 1. Suppose -2*j = -5*f + 37, -3*f + 5*j + 8 = i. What are the prime factors of f?
3
Suppose -2*s - 4*t + 114 = 0, -2*s + 116 = 3*t - t. List the prime factors of s.
59
Let a = 178 - 113. What are the prime factors of a?
5, 13
Let i be (-3 - -1)*(-5)/2. Suppose -2*k = -s - 5 + 19, -8 = 2*s + i*k. Suppose -2*a + s*a - 32 = 0. What are the prime factors of a?
2
Let p(j) = j**2 + 7*j - 6. Let u be (-4)/((-8)/10) - -1. Suppose -2*b + u*b = -4*w - 12, 0 = 4*b - 5*w + 57. List the prime factors of p(b).
2
Let k = 19 - -12. Let i = 14 - 4. Let y = k - i. List the prime factors of y.
3, 7
Let p be (-8)/12 + 14/3. Suppose -p*w = -5*u - 7 - 48, 0 = -5*w + 3*u + 59. What are the prime factors of w?
2, 5
Let f(g) = 8*g**2 + 3*g + 2. Let j be f(-2). Suppose 5*t - 2*t + 2*q - j = 0, -4*t + q = -52. List the prime factors of t.
2, 3
Suppose 3*c - 23 = 5*f, 3*f - c + 14 = c. Let x = -3 - f. Suppose -x - 23 = -2*t. What are the prime factors of t?
2, 3
Let j(v) = v - 2. Let m be (-10 - -3)*(-1)/1. List the prime factors of j(m).
5
Suppose 9*j - 8*j = -2. Let d be 76/16 + j/(-8). Suppose k - i = 12, -2*k = -0*i - d*i - 15. List the prime factors of k.
3, 5
Let d(v) = -v**3 - 8*v**2 - 5*v + 1. Let k be d(-5). Let g = k + 79. List the prime factors of g.
2, 3, 5
Let b be 3 - (2 - -1)/3. Let v(k) = k + 0*k - 4 + k**2 + 0*k**b. List the prime factors of v(-4).
2
Let v be (-114)/4*(-14)/(-21). Let m = 2 - v. What are the prime factors of m?
3, 7
Suppose 5*z - 1043 = -2*z. List the prime factors of z.
149
Let f(a) = -2*a + 5. Let o be f(-4). Let t = o + 2. What are the prime factors of t?
3, 5
Let b(u) = u**2 - 4*u + 2. Let k be b(3). Let r be -1 - (-1 + 2)*k. Suppose -z + 8 + 3 = -w, 5*z - 2*w - 49 = r. List the prime factors of z.
3
Suppose 5*j + 73 = 3*g, 2*g - 2*j = -g + 76. What are the prime factors of g?
2, 13
Let m(p) = -7*p. Let v be m(2). Let s = 11 - v. List the prime factors of s.
5
Let b = 97 + -60. Let g = 37 + b. What are the prime factors of g/8 + (-7)/28?
3
Let a = 1 + -1. Suppose 3*c + 15 = 0, a*z = -z - 3*c + 13. List the prime factors of z.
2, 7
Let k = 56 - 37. Suppose -k = 2*y - 95. Let n = -22 + y. What are the prime factors of n?
2
Suppose -2*t = -t. Suppose 5*a - 4*m - 121 = t, -6*a + 72 = -2*a + 3*m. What are the prime factors of a?
3, 7
Let y = 75 - 40. What are the prime factors of y?
5, 7
Suppose 5*p - 91 = 2*n - 6*n, 0 = 5*n - 20. What are the prime factors of p?
3, 5
Suppose 5*y = w + 94, -w + 82 = 5*y + w. Let i = y + -13. What are the prime factors of i?
5
Suppose 2*f = 4, 3*x + 2*f + 34 = 5*x. Let p = 2 + x. Let g = p + -14. List the prime factors of g.
7
Suppose 3*u + 39 = 4*v, 7*v - 3*v - 49 = 5*u. What are the prime factors of v?
2, 3
Suppose 4*a - 85 = 199. What are the prime factors of a?
71
Let b = -30 - -3. List the prime factors of (b/(-15))/((-6)/(-20)).
2, 3
Let m be (-56)/(-12) + 4/(-6). Suppose 0*t + 40 = m*t. What are the prime factors of t?
2, 5
Let l(v) = -v**2 + 1. Let m be l(0). Let o be m + (1 + -7)*1. What are the prime factors of 19/5 - 1/o?
2
Suppose -5*r + 276 = 5*h - 39, 0 = -2*h + 4. What are the prime factors of r?
61
Let p(w) = w + 5. List the prime factors of p(0).
5
Suppose 1 = 3*n - 11. Suppose 2*i - 11 = -m, 3*m + 0*i + n*i - 35 = 0. Let w = -2 + m. List the prime factors of w.
11
Let r(i) = -i**2 - 5*i - 3. Let d(q) = 6*q + 1. Let g be d(-1). Let v be r(g). What are the prime factors of -6*v*4/18?
2
Suppose 1 + 5 = 2*h. Suppose b + 42 = 2*n + 3*n, 5*b = -h*n + 14. List the prime factors of n.
2
Suppose 0*p - 5*h - 28 = -3*p, 4*h + 16 = -4*p. List the prime factors of p + 24 + -2 - 0.
23
Let h be -2 + -2 + 3 - -38. Suppose -h = -4*r + 151. What are the prime factors of r?
47
Let g = 7 + -12. Let z = g - -9. Suppose z*c - 38 = -5*h, c - 3 - 3 = -3*h. What are the prime factors of c?
2, 3
Suppose 3*z - 6 = 0, -3*z + z + 474 = 5*v. List the prime factors of v.
2, 47
Suppose 4*s = f - s - 31, -f + s + 11 = 0. What are the prime factors of f?
2, 3
Suppose -3*r = 5 - 20. Suppose -h = -5*n + 51, r*n - n - 4*h = 44. List the prime factors of 82/n + (-2)/10.
2
Let i(a) = -a**3 + 4*a**2 + 4*a + 3. List the prime factors of i(-2).
19
Suppose -2*o - 4*q = 8, -4*o = 3*q - 1 + 2. Suppose g - 5*n + 17 = 0, 3*n - 6 = 4*g - o*g. What are the prime factors of (g + 0)/((-6)/(-16))?
2
Let s(d) be the first derivative of d**3/3 - 2*d - 1. Suppose 2*b + 19 = k + 7*b, 0 = 3*k + 2*b - 18. What are the prime factors of s(k)?
2, 7
Let v = -7 - -9. Suppose 3*z - 85 = -v*z. List the prime factors of z.
17
Let l(u) = u**2 + 10*u - 14. What are the prime factors of l(7)?
3, 5, 7
Suppose 5*i = 4 + 16. Let c(m) = 3*m + 4. Let y(z) = 2*z + 4. Let w(l) = i*y(l) - 3*c(l). What are the prime factors of w(0)?
2
Suppose -u - 1 = -4. Let m be (-14)/(-2) - (22 - 18). Suppose u*t - m*o - 8 = t, t + 3*o = 13. List the prime factors of t.
7
Let r = 355 - 212. List the prime factors of r.
11, 13
Suppose -3*t + t = 0. Suppose t = -4*g + 4*k - 4, -4*k = 5*g - 21 - 1. What are the prime factors of g?
2
Suppose 34*o - 29*o - 350 = 0. What are the prime factors of o?
2, 5, 7
List the prime factors of (-230)/(-5) + (-2)/2.
3, 5
Let m(g) = 2*g**2 + 43*g + 3. List the prime factors of m(-22).
5
Let u(i) = 61*i**2 + i. Let g be u(-1). Suppose 8*r = 4*r + g. List the prime factors of r.
3, 5
Let h(c) = 7*c**2 + 2*c - 2. List the prime factors of h(3).
67
Let v(b) = -b**3 + 4*b**2 - 2*b + 2. Let h be v(3). Suppose 65 = h*c + 25. List the prime factors of (-2)/c - 72/(-32).
2
Suppose 5*c - 60 = -2*s, 0*c + 3*s - 36 = -3*c. Let o(k) be the first derivative of k**3/3 - 11*k**2/2 + 3*k + 1. List the prime factors of o(c).
3, 5
Let k(o) = o**3 - 7*o**2 + 7*o - 1. Let g be k(6). Suppose -4*q + 2 + 18 = 0. Suppose m = -5, -g*m + q = 7*c - 2*c. What are the prime factors of c?
2, 3
Suppose 4*z - 4*c = 12, 0 = z - 2*c - 6 + 1. What are the prime factors of (-2 + 6 + 0)/z?
2
Let x be 1*(9 + -2 + -1). Let n = x - 6. Suppose -r + n + 2 = 0. List the prime factors of r.
2
Let f(l) = 5*l**2 + l + 1. Let z be f(-1). Suppose -g - z = w, w - 2*g - 15 = g. Let p = 6 - w. List the prime factors of p.
2, 3
Let a be -2 - -7 - 4/2. Suppose a*p = -h + 31, 5*p + 2*h = 53 - 0. Suppose -p = -3*k - 0*k. List the prime factors of k.
3
Let t = -17 + 38. Suppose 2*y - 17 = t. What are the prime factors of y?
19
Let n be 1 + -16*(-1)/1. Suppose 0 = -2*r + 4*w + 28, 2*r = r - w + n. Suppose 0 = -4*m - 0*m + r. What are the prime factors of m?
2
Suppose 3*u + 153 - 56 = -2*n, -3*n + 2*u = 165. Let f = 35 + n. Let m = -11 - f. What are the prime factors of m?
7
Let m(o) = -o**3 + 6*o**2 + 2*o - 7. Let r be m(6). Let a = 6 + r. List the prime factors of a.
11
Let p = -16 - -72. What are the prime factors of p?
2, 7
Let h = -3 - -9. Let d(r) = r**3 - 2*r**3 + 8*r + 5*r**2 - 12 + 3. List the prime factors of d(h).
3
Let t(f) = -16*f + 29*f + 11*f. What are the prime factors of t(2)?
2, 3
Let x(d) = d**3 - 11*d**2 - 12*d + 17. What are the prime factors of x(13)?
199
Suppose 215 + 84 = 13*u. What are the prime factors of u?
23
Suppose -17*v + 6*v + 594 = 0. What are the prime factors of v?
2, 3
Let g be ((0 + 2)/(-2))/1. Let b = g + 1. Suppose b*j = 3*j - 45. What are the prime factors of j?
3, 5
Let k(i) = -2*i - 9. Let q be k(-6). Suppose -r + 3*c = 7*c + 5, -33 = -q*r + 4*c. List the prime